CRAN Package Check Results for Package visTree

Last updated on 2021-11-27 09:52:44 CET.

Flavor Version Tinstall Tcheck Ttotal Status Flags
r-devel-linux-x86_64-debian-clang 0.8.1 OK
r-devel-linux-x86_64-debian-gcc 0.8.1 6.24 60.67 66.91 OK
r-devel-linux-x86_64-fedora-clang 0.8.1 112.32 NOTE
r-devel-linux-x86_64-fedora-gcc 0.8.1 101.92 NOTE
r-devel-windows-x86_64-new-UL 0.8.1 15.00 131.00 146.00 OK
r-devel-windows-x86_64-new-TK 0.8.1 NOTE
r-devel-windows-x86_64-old 0.8.1 11.00 104.00 115.00 OK
r-patched-linux-x86_64 0.8.1 7.08 75.36 82.44 OK
r-patched-solaris-x86 0.8.1 139.60 NOTE
r-release-linux-x86_64 0.8.1 OK
r-release-macos-arm64 0.8.1 NOTE
r-release-macos-x86_64 0.8.1 NOTE
r-release-windows-ix86+x86_64 0.8.1 16.00 73.00 89.00 OK
r-oldrel-macos-x86_64 0.8.1 NOTE
r-oldrel-windows-ix86+x86_64 0.8.1 13.00 101.00 114.00 OK

Check Details

Version: 0.8.1
Check: dependencies in R code
Result: NOTE
    Namespace in Imports field not imported from: ‘rpart’
     All declared Imports should be used.
Flavors: r-devel-linux-x86_64-fedora-clang, r-devel-linux-x86_64-fedora-gcc, r-devel-windows-x86_64-new-TK, r-patched-solaris-x86, r-release-macos-arm64, r-release-macos-x86_64, r-oldrel-macos-x86_64