CRAN Package Check Results for Package voxel

Last updated on 2021-11-27 07:50:06 CET.

Flavor Version Tinstall Tcheck Ttotal Status Flags
r-devel-linux-x86_64-debian-clang 1.3.5 NOTE
r-devel-linux-x86_64-debian-gcc 1.3.5 11.89 107.76 119.65 NOTE
r-devel-linux-x86_64-fedora-clang 1.3.5 190.80 NOTE
r-devel-linux-x86_64-fedora-gcc 1.3.5 180.61 NOTE
r-devel-windows-x86_64-new-UL 1.3.5 27.00 189.00 216.00 NOTE
r-devel-windows-x86_64-new-TK 1.3.5 NOTE
r-devel-windows-x86_64-old 1.3.5 18.00 188.00 206.00 NOTE
r-patched-linux-x86_64 1.3.5 14.16 134.15 148.31 NOTE
r-patched-solaris-x86 1.3.5 249.00 NOTE
r-release-linux-x86_64 1.3.5 NOTE
r-release-macos-arm64 1.3.5 NOTE
r-release-macos-x86_64 1.3.5 NOTE
r-release-windows-ix86+x86_64 1.3.5 30.00 125.00 155.00 NOTE
r-oldrel-macos-x86_64 1.3.5 NOTE
r-oldrel-windows-ix86+x86_64 1.3.5 39.00 175.00 214.00 OK

Check Details

Version: 1.3.5
Check: LazyData
Result: NOTE
     'LazyData' is specified without a 'data' directory
Flavors: r-devel-linux-x86_64-debian-clang, r-devel-linux-x86_64-debian-gcc, r-devel-linux-x86_64-fedora-clang, r-devel-linux-x86_64-fedora-gcc, r-devel-windows-x86_64-new-UL, r-devel-windows-x86_64-new-TK, r-devel-windows-x86_64-old, r-patched-linux-x86_64, r-patched-solaris-x86, r-release-linux-x86_64, r-release-macos-arm64, r-release-macos-x86_64, r-release-windows-ix86+x86_64

Version: 1.3.5
Check: dependencies in R code
Result: NOTE
    Namespace in Imports field not imported from: ‘methods’
     All declared Imports should be used.
Flavors: r-devel-linux-x86_64-fedora-clang, r-devel-linux-x86_64-fedora-gcc, r-devel-windows-x86_64-new-TK, r-patched-solaris-x86, r-release-macos-arm64, r-release-macos-x86_64, r-oldrel-macos-x86_64