CRAN Package Check Results for Package wahc

Last updated on 2021-09-26 06:49:25 CEST.

Flavor Version Tinstall Tcheck Ttotal Status Flags
r-devel-linux-x86_64-debian-clang 1.0 1.94 20.64 22.58 NOTE
r-devel-linux-x86_64-debian-gcc 1.0 1.37 16.48 17.85 NOTE
r-devel-linux-x86_64-fedora-clang 1.0 37.41 NOTE
r-devel-linux-x86_64-fedora-gcc 1.0 26.10 NOTE
r-devel-windows-x86_64 1.0 3.00 23.00 26.00 NOTE
r-devel-windows-x86_64-gcc10-UCRT 1.0 NOTE
r-patched-linux-x86_64 1.0 2.01 20.34 22.35 NOTE
r-patched-solaris-x86 1.0 40.50 NOTE
r-release-linux-x86_64 1.0 1.81 20.26 22.07 NOTE
r-release-macos-arm64 1.0 NOTE
r-release-macos-x86_64 1.0 NOTE
r-release-windows-ix86+x86_64 1.0 4.00 24.00 28.00 NOTE
r-oldrel-macos-x86_64 1.0 NOTE
r-oldrel-windows-ix86+x86_64 1.0 4.00 23.00 27.00 NOTE

Check Details

Version: 1.0
Check: R code for possible problems
Result: NOTE
    summary.whc: no visible global function definition for 'printCoefmat'
    wahc.fit: no visible global function definition for 'pt'
    wahc.fit: no visible global function definition for 'cor'
    whc: no visible global function definition for 'model.frame'
    whc: no visible global function definition for 'model.matrix'
    whc: no visible global function definition for 'model.response'
    Undefined global functions or variables:
     cor model.frame model.matrix model.response printCoefmat pt
    Consider adding
     importFrom("stats", "cor", "model.frame", "model.matrix",
     "model.response", "printCoefmat", "pt")
    to your NAMESPACE file.
Flavors: r-devel-linux-x86_64-debian-clang, r-devel-linux-x86_64-debian-gcc, r-devel-linux-x86_64-fedora-clang, r-devel-linux-x86_64-fedora-gcc, r-devel-windows-x86_64, r-devel-windows-x86_64-gcc10-UCRT, r-patched-linux-x86_64, r-patched-solaris-x86, r-release-linux-x86_64, r-release-macos-arm64, r-release-macos-x86_64, r-release-windows-ix86+x86_64, r-oldrel-macos-x86_64, r-oldrel-windows-ix86+x86_64