CRAN Package Check Results for Package wal

Last updated on 2021-09-28 06:48:42 CEST.

Flavor Version Tinstall Tcheck Ttotal Status Flags
r-devel-linux-x86_64-debian-clang 0.1.0 4.64 60.75 65.39 NOTE
r-devel-linux-x86_64-debian-gcc 0.1.0 3.45 45.42 48.87 NOTE
r-devel-linux-x86_64-fedora-clang 0.1.0 89.84 NOTE
r-devel-linux-x86_64-fedora-gcc 0.1.0 75.47 NOTE
r-devel-windows-x86_64 0.1.0 6.00 63.00 69.00 NOTE
r-devel-windows-x86_64-gcc10-UCRT 0.1.0 NOTE
r-patched-linux-x86_64 0.1.0 5.24 59.99 65.23 NOTE
r-patched-solaris-x86 0.1.0 108.90 NOTE
r-release-linux-x86_64 0.1.0 4.34 59.17 63.51 NOTE
r-release-macos-arm64 0.1.0 NOTE
r-release-macos-x86_64 0.1.0 NOTE
r-release-windows-ix86+x86_64 0.1.0 9.00 62.00 71.00 NOTE
r-oldrel-macos-x86_64 0.1.0 OK
r-oldrel-windows-ix86+x86_64 0.1.0 6.00 62.00 68.00 OK

Check Details

Version: 0.1.0
Check: LazyData
Result: NOTE
     'LazyData' is specified without a 'data' directory
Flavors: r-devel-linux-x86_64-debian-clang, r-devel-linux-x86_64-debian-gcc, r-devel-linux-x86_64-fedora-clang, r-devel-linux-x86_64-fedora-gcc, r-devel-windows-x86_64, r-devel-windows-x86_64-gcc10-UCRT, r-patched-linux-x86_64, r-patched-solaris-x86, r-release-linux-x86_64, r-release-macos-arm64, r-release-macos-x86_64, r-release-windows-ix86+x86_64