CRAN Package Check Results for Package wavScalogram

Last updated on 2021-09-20 08:50:52 CEST.

Flavor Version Tinstall Tcheck Ttotal Status Flags
r-devel-linux-x86_64-debian-clang 1.1.1 8.99 77.28 86.27 OK
r-devel-linux-x86_64-debian-gcc 1.1.1 6.80 57.84 64.64 OK
r-devel-linux-x86_64-fedora-clang 1.1.1 110.94 OK
r-devel-linux-x86_64-fedora-gcc 1.1.1 96.31 OK
r-devel-windows-x86_64 1.1.1 12.00 74.00 86.00 OK
r-devel-windows-x86_64-gcc10-UCRT 1.1.1 ERROR
r-patched-linux-x86_64 1.1.1 8.81 73.08 81.89 OK
r-patched-solaris-x86 1.1.1 139.90 OK
r-release-linux-x86_64 1.1.1 6.88 72.38 79.26 OK
r-release-macos-arm64 1.1.1 OK
r-release-macos-x86_64 1.1.1 OK
r-release-windows-ix86+x86_64 1.1.1 20.00 69.00 89.00 OK
r-oldrel-macos-x86_64 1.1.1 OK
r-oldrel-windows-ix86+x86_64 1.1.1 21.00 78.00 99.00 OK

Check Details

Version: 1.1.1
Check: whether package can be installed
Result: WARN
    Found the following significant warnings:
     WARNING: installation-time patches will not be applied, could not get the patches index
Flavor: r-devel-windows-x86_64-gcc10-UCRT

Version: 1.1.1
Check: PDF version of manual
Result: WARN
    LaTeX errors when creating PDF version.
    This typically indicates Rd problems.
Flavor: r-devel-windows-x86_64-gcc10-UCRT

Version: 1.1.1
Check: PDF version of manual without hyperrefs or index
Result: ERROR
    Re-running with no redirection of stdout/stderr.
Flavor: r-devel-windows-x86_64-gcc10-UCRT