CRAN Package Check Results for Package wbstats

Last updated on 2021-09-18 09:53:42 CEST.

Flavor Version Tinstall Tcheck Ttotal Status Flags
r-devel-linux-x86_64-debian-clang 1.0.4 5.76 45.37 51.13 OK
r-devel-linux-x86_64-debian-gcc 1.0.4 4.81 34.76 39.57 OK
r-devel-linux-x86_64-fedora-clang 1.0.4 70.93 NOTE
r-devel-linux-x86_64-fedora-gcc 1.0.4 58.13 NOTE
r-devel-windows-x86_64 1.0.4 8.00 76.00 84.00 OK
r-devel-windows-x86_64-gcc10-UCRT 1.0.4 NOTE
r-patched-linux-x86_64 1.0.4 5.56 43.13 48.69 OK
r-patched-solaris-x86 1.0.4 88.60 NOTE
r-release-linux-x86_64 1.0.4 5.65 42.91 48.56 OK
r-release-macos-arm64 1.0.4 NOTE
r-release-macos-x86_64 1.0.4 NOTE
r-release-windows-ix86+x86_64 1.0.4 12.00 48.00 60.00 OK
r-oldrel-macos-x86_64 1.0.4 NOTE
r-oldrel-windows-ix86+x86_64 1.0.4 13.00 50.00 63.00 OK

Check Details

Version: 1.0.4
Check: data for non-ASCII characters
Result: NOTE
     Note: found 3133 marked UTF-8 strings
Flavors: r-devel-linux-x86_64-fedora-clang, r-devel-linux-x86_64-fedora-gcc, r-devel-windows-x86_64-gcc10-UCRT, r-patched-solaris-x86, r-release-macos-arm64, r-release-macos-x86_64, r-oldrel-macos-x86_64