CRAN Package Check Results for Package widyr

Last updated on 2021-10-22 13:57:28 CEST.

Flavor Version Tinstall Tcheck Ttotal Status Flags
r-devel-linux-x86_64-debian-clang 0.1.4 8.08 120.57 128.65 OK
r-devel-linux-x86_64-debian-gcc 0.1.4 6.79 90.92 97.71 OK
r-devel-linux-x86_64-fedora-clang 0.1.4 166.55 NOTE
r-devel-linux-x86_64-fedora-gcc 0.1.4 153.15 NOTE
r-devel-windows-x86_64 0.1.4 14.00 178.00 192.00 OK
r-devel-windows-x86_64-gcc10-UCRT 0.1.4 NOTE
r-patched-linux-x86_64 0.1.4 7.89 117.92 125.81 OK
r-patched-solaris-x86 0.1.4 188.30 NOTE
r-release-linux-x86_64 0.1.4 10.28 117.46 127.74 OK
r-release-macos-arm64 0.1.4 NOTE
r-release-macos-x86_64 0.1.4 NOTE
r-release-windows-ix86+x86_64 0.1.4 15.00 147.00 162.00 OK
r-oldrel-macos-x86_64 0.1.4 NOTE
r-oldrel-windows-ix86+x86_64 0.1.4 23.00 167.00 190.00 OK

Check Details

Version: 0.1.4
Check: dependencies in R code
Result: NOTE
    Namespace in Imports field not imported from: ‘gapminder’
     All declared Imports should be used.
Flavors: r-devel-linux-x86_64-fedora-clang, r-devel-linux-x86_64-fedora-gcc, r-devel-windows-x86_64-gcc10-UCRT, r-patched-solaris-x86, r-release-macos-arm64, r-release-macos-x86_64, r-oldrel-macos-x86_64

Version: 0.1.4
Check: package dependencies
Result: NOTE
    Packages suggested but not available for checking: 'ggraph', 'igraph'
Flavor: r-devel-windows-x86_64-gcc10-UCRT