CRAN Package Check Results for Package wilson

Last updated on 2021-10-22 13:57:29 CEST.

Flavor Version Tinstall Tcheck Ttotal Status Flags
r-devel-linux-x86_64-debian-clang 2.4.2 11.12 93.91 105.03 OK
r-devel-linux-x86_64-debian-gcc 2.4.2 8.48 71.19 79.67 OK
r-devel-linux-x86_64-fedora-clang 2.4.2 136.71 NOTE
r-devel-linux-x86_64-fedora-gcc 2.4.2 123.35 OK
r-devel-windows-x86_64 2.4.2 18.00 97.00 115.00 OK
r-devel-windows-x86_64-gcc10-UCRT 2.4.2 OK
r-patched-linux-x86_64 2.4.2 10.17 88.94 99.11 OK
r-patched-solaris-x86 2.4.2 159.40 OK
r-release-linux-x86_64 2.4.2 8.57 89.10 97.67 OK
r-release-macos-arm64 2.4.2 OK
r-release-macos-x86_64 2.4.2 OK
r-release-windows-ix86+x86_64 2.4.2 16.00 123.00 139.00 OK
r-oldrel-macos-x86_64 2.4.2 OK
r-oldrel-windows-ix86+x86_64 2.4.2 26.00 116.00 142.00 OK

Check Details

Version: 2.4.2
Check: package dependencies
Result: NOTE
    Imports includes 31 non-default packages.
    Importing from so many packages makes the package vulnerable to any of
    them becoming unavailable. Move as many as possible to Suggests and
    use conditionally.
Flavor: r-devel-linux-x86_64-fedora-clang