CRAN Package Check Results for Package word2vec

Last updated on 2021-09-17 06:49:01 CEST.

Flavor Version Tinstall Tcheck Ttotal Status Flags
r-devel-linux-x86_64-debian-clang 0.3.4 134.51 36.11 170.62 OK
r-devel-linux-x86_64-debian-gcc 0.3.4 80.71 27.41 108.12 OK
r-devel-linux-x86_64-fedora-clang 0.3.4 252.89 OK
r-devel-linux-x86_64-fedora-gcc 0.3.4 207.60 OK
r-devel-windows-x86_64 0.3.4 126.00 64.00 190.00 OK
r-devel-windows-x86_64-gcc10-UCRT 0.3.4 OK
r-patched-linux-x86_64 0.3.4 102.67 34.30 136.97 OK
r-patched-solaris-x86 0.3.4 194.80 OK
r-release-linux-x86_64 0.3.4 101.38 33.86 135.24 OK
r-release-macos-arm64 0.3.4 NOTE
r-release-macos-x86_64 0.3.4 OK
r-release-windows-ix86+x86_64 0.3.4 302.00 69.00 371.00 OK
r-oldrel-macos-x86_64 0.3.4 OK
r-oldrel-windows-ix86+x86_64 0.3.4 227.00 82.00 309.00 OK

Check Details

Version: 0.3.4
Check: installed package size
Result: NOTE
     installed size is 5.9Mb
     sub-directories of 1Mb or more:
     libs 5.6Mb
Flavor: r-release-macos-arm64