CRAN Package Check Results for Package workflowr

Last updated on 2024-07-25 01:55:54 CEST.

Flavor Version Tinstall Tcheck Ttotal Status Flags
r-devel-linux-x86_64-debian-clang 1.7.1 7.82 211.63 219.45 OK
r-devel-linux-x86_64-debian-gcc 1.7.1 7.64 164.77 172.41 NOTE
r-devel-linux-x86_64-fedora-clang 1.7.1 267.67 OK
r-devel-linux-x86_64-fedora-gcc 1.7.1 269.02 OK
r-devel-windows-x86_64 1.7.1 12.00 172.00 184.00 NOTE
r-patched-linux-x86_64 1.7.1 12.40 205.62 218.02 OK
r-release-linux-x86_64 1.7.1 9.98 199.41 209.39 OK
r-release-macos-arm64 1.7.1 117.00 OK
r-release-macos-x86_64 1.7.1 175.00 OK
r-release-windows-x86_64 1.7.1 10.00 171.00 181.00 OK
r-oldrel-macos-arm64 1.7.1 107.00 OK
r-oldrel-macos-x86_64 1.7.1 183.00 OK
r-oldrel-windows-x86_64 1.7.1 13.00 191.00 204.00 OK

Check Details

Version: 1.7.1
Check: Rd cross-references
Result: NOTE Found the following Rd file(s) with Rd \link{} targets missing package anchors: wflow_build.Rd: rmarkdown wflow_git_commit.Rd: git2r wflow_git_config.Rd: git2r wflow_git_pull.Rd: git2r wflow_git_push.Rd: git2r wflow_post_knit.Rd: rmarkdown wflow_pre_knit.Rd: rmarkdown wflow_pre_processor.Rd: rmarkdown wflow_remove.Rd: git2r wflow_rename.Rd: git2r wflow_start.Rd: git2r wflow_status.Rd: git2r Please provide package anchors for all Rd \link{} targets not in the package itself and the base packages. Flavors: r-devel-linux-x86_64-debian-gcc, r-devel-windows-x86_64