CRAN Package Check Results for Package wpa

Last updated on 2021-09-21 06:48:59 CEST.

Flavor Version Tinstall Tcheck Ttotal Status Flags
r-devel-linux-x86_64-debian-clang 1.6.1 25.52 362.54 388.06 OK
r-devel-linux-x86_64-debian-gcc 1.6.1 23.10 259.66 282.76 OK
r-devel-linux-x86_64-fedora-clang 1.6.1 453.25 OK
r-devel-linux-x86_64-fedora-gcc 1.6.1 444.41 OK
r-devel-windows-x86_64 1.6.1 28.00 336.00 364.00 OK
r-devel-windows-x86_64-gcc10-UCRT 1.6.1 ERROR
r-patched-linux-x86_64 1.6.1 33.35 337.53 370.88 OK
r-patched-solaris-x86 1.6.1 528.80 OK
r-release-linux-x86_64 1.6.1 24.73 331.42 356.15 OK
r-release-macos-arm64 1.6.1 OK
r-release-macos-x86_64 1.6.1 OK
r-release-windows-ix86+x86_64 1.6.1 51.00 332.00 383.00 OK
r-oldrel-macos-x86_64 1.6.1 OK
r-oldrel-windows-ix86+x86_64 1.6.1 51.00 383.00 434.00 OK

Check Details

Version: 1.6.1
Check: whether package can be installed
Result: WARN
    Found the following significant warnings:
     WARNING: installation-time patches will not be applied, could not get the patches index
Flavor: r-devel-windows-x86_64-gcc10-UCRT

Version: 1.6.1
Check: PDF version of manual
Result: WARN
    LaTeX errors when creating PDF version.
    This typically indicates Rd problems.
Flavor: r-devel-windows-x86_64-gcc10-UCRT

Version: 1.6.1
Check: PDF version of manual without hyperrefs or index
Result: ERROR
    Re-running with no redirection of stdout/stderr.
Flavor: r-devel-windows-x86_64-gcc10-UCRT