CRAN Package Check Results for Package wpp2017

Last updated on 2025-01-25 02:51:11 CET.

Flavor Version Tinstall Tcheck Ttotal Status Flags
r-devel-linux-x86_64-debian-clang 1.2-3 2.86 51.72 54.58 OK
r-devel-linux-x86_64-debian-gcc 1.2-3 2.03 41.57 43.60 OK
r-devel-linux-x86_64-fedora-clang 1.2-3 76.05 OK
r-devel-linux-x86_64-fedora-gcc 1.2-3 73.52 OK
r-devel-windows-x86_64 1.2-3 7.00 75.00 82.00 OK
r-patched-linux-x86_64 1.2-3 2.95 48.31 51.26 OK
r-release-linux-x86_64 1.2-3 2.69 47.81 50.50 OK
r-release-macos-arm64 1.2-3 30.00 NOTE
r-release-macos-x86_64 1.2-3 45.00 NOTE
r-release-windows-x86_64 1.2-3 8.00 74.00 82.00 NOTE
r-oldrel-macos-arm64 1.2-3 34.00 NOTE
r-oldrel-macos-x86_64 1.2-3 44.00 NOTE
r-oldrel-windows-x86_64 1.2-3 6.00 78.00 84.00 NOTE

Check Details

Version: 1.2-3
Check: installed package size
Result: NOTE installed size is 11.5Mb sub-directories of 1Mb or more: data 11.4Mb Flavors: r-release-macos-arm64, r-release-macos-x86_64, r-release-windows-x86_64, r-oldrel-macos-arm64, r-oldrel-macos-x86_64, r-oldrel-windows-x86_64