CRAN Package Check Results for Package xslt

Last updated on 2021-10-27 05:00:08 CEST.

Flavor Version Tinstall Tcheck Ttotal Status Flags
r-devel-linux-x86_64-debian-clang 1.4.3 25.07 27.67 52.74 OK
r-devel-linux-x86_64-debian-gcc 1.4.3 17.06 22.31 39.37 OK
r-devel-linux-x86_64-fedora-clang 1.4.3 87.87 OK
r-devel-linux-x86_64-fedora-gcc 1.4.3 68.11 OK
r-devel-windows-x86_64 1.4.3 41.00 50.00 91.00 OK
r-devel-windows-x86_64-gcc10-UCRT 1.4.3 OK
r-patched-linux-x86_64 1.4.3 20.00 26.95 46.95 OK
r-patched-solaris-x86 1.4.3 81.30 OK
r-release-linux-x86_64 1.4.3 21.84 27.07 48.91 OK
r-release-macos-arm64 1.4.3 NOTE
r-release-macos-x86_64 1.4.3 NOTE
r-release-windows-ix86+x86_64 1.4.3 57.00 85.00 142.00 NOTE
r-oldrel-macos-x86_64 1.4.3 NOTE
r-oldrel-windows-ix86+x86_64 1.4.3 75.00 88.00 163.00 NOTE

Check Details

Version: 1.4.3
Check: installed package size
Result: NOTE
     installed size is 6.8Mb
     sub-directories of 1Mb or more:
     libs 6.6Mb
Flavors: r-release-macos-arm64, r-release-macos-x86_64, r-release-windows-ix86+x86_64, r-oldrel-macos-x86_64, r-oldrel-windows-ix86+x86_64