CRAN Package Check Results for Package xsp

Last updated on 2021-11-27 09:52:45 CET.

Flavor Version Tinstall Tcheck Ttotal Status Flags
r-devel-linux-x86_64-debian-clang 0.1.2 NOTE
r-devel-linux-x86_64-debian-gcc 0.1.2 3.92 43.46 47.38 NOTE
r-devel-linux-x86_64-fedora-clang 0.1.2 88.83 NOTE
r-devel-linux-x86_64-fedora-gcc 0.1.2 74.18 NOTE
r-devel-windows-x86_64-new-UL 0.1.2 11.00 98.00 109.00 NOTE
r-devel-windows-x86_64-new-TK 0.1.2 NOTE
r-devel-windows-x86_64-old 0.1.2 7.00 87.00 94.00 NOTE
r-patched-linux-x86_64 0.1.2 4.07 55.63 59.70 NOTE
r-patched-solaris-x86 0.1.2 108.20 NOTE
r-release-linux-x86_64 0.1.2 NOTE
r-release-macos-arm64 0.1.2 NOTE
r-release-macos-x86_64 0.1.2 NOTE
r-release-windows-ix86+x86_64 0.1.2 13.00 61.00 74.00 NOTE
r-oldrel-macos-x86_64 0.1.2 OK
r-oldrel-windows-ix86+x86_64 0.1.2 23.00 83.00 106.00 OK

Check Details

Version: 0.1.2
Check: LazyData
Result: NOTE
     'LazyData' is specified without a 'data' directory
Flavors: r-devel-linux-x86_64-debian-clang, r-devel-linux-x86_64-debian-gcc, r-devel-linux-x86_64-fedora-clang, r-devel-linux-x86_64-fedora-gcc, r-devel-windows-x86_64-new-UL, r-devel-windows-x86_64-new-TK, r-devel-windows-x86_64-old, r-patched-linux-x86_64, r-patched-solaris-x86, r-release-linux-x86_64, r-release-macos-arm64, r-release-macos-x86_64, r-release-windows-ix86+x86_64