CRAN Package Check Results for Package xxIRT

Last updated on 2021-09-20 08:50:53 CEST.

Flavor Version Tinstall Tcheck Ttotal Status Flags
r-devel-linux-x86_64-debian-clang 2.1.2 9.69 82.96 92.65 OK
r-devel-linux-x86_64-debian-gcc 2.1.2 8.15 60.43 68.58 OK
r-devel-linux-x86_64-fedora-clang 2.1.2 117.41 OK
r-devel-linux-x86_64-fedora-gcc 2.1.2 104.82 OK
r-devel-windows-x86_64 2.1.2 12.00 74.00 86.00 OK
r-devel-windows-x86_64-gcc10-UCRT 2.1.2 ERROR
r-patched-linux-x86_64 2.1.2 9.54 77.61 87.15 OK
r-patched-solaris-x86 2.1.2 140.40 OK
r-release-linux-x86_64 2.1.2 8.06 77.08 85.14 OK
r-release-macos-arm64 2.1.2 OK
r-release-macos-x86_64 2.1.2 OK
r-release-windows-ix86+x86_64 2.1.2 21.00 76.00 97.00 OK
r-oldrel-macos-x86_64 2.1.2 OK
r-oldrel-windows-ix86+x86_64 2.1.2 22.00 75.00 97.00 OK

Check Details

Version: 2.1.2
Check: whether package can be installed
Result: WARN
    Found the following significant warnings:
     WARNING: installation-time patches will not be applied, could not get the patches index
Flavor: r-devel-windows-x86_64-gcc10-UCRT

Version: 2.1.2
Check: PDF version of manual
Result: WARN
    LaTeX errors when creating PDF version.
    This typically indicates Rd problems.
Flavor: r-devel-windows-x86_64-gcc10-UCRT

Version: 2.1.2
Check: PDF version of manual without hyperrefs or index
Result: ERROR
    Re-running with no redirection of stdout/stderr.
Flavor: r-devel-windows-x86_64-gcc10-UCRT