CRAN Package Check Results for Package zenplots

Last updated on 2021-09-23 08:51:29 CEST.

Flavor Version Tinstall Tcheck Ttotal Status Flags
r-devel-linux-x86_64-debian-clang 1.0.4 14.19 128.08 142.27 OK
r-devel-linux-x86_64-debian-gcc 1.0.4 10.09 99.59 109.68 OK
r-devel-linux-x86_64-fedora-clang 1.0.4 189.28 OK
r-devel-linux-x86_64-fedora-gcc 1.0.4 180.77 OK
r-devel-windows-x86_64 1.0.4 16.00 129.00 145.00 OK
r-devel-windows-x86_64-gcc10-UCRT 1.0.4 ERROR
r-patched-linux-x86_64 1.0.4 20.35 125.14 145.49 OK
r-patched-solaris-x86 1.0.4 200.20 OK
r-release-linux-x86_64 1.0.4 13.56 126.79 140.35 OK
r-release-macos-arm64 1.0.4 OK
r-release-macos-x86_64 1.0.4 OK
r-release-windows-ix86+x86_64 1.0.4 25.00 172.00 197.00 OK
r-oldrel-macos-x86_64 1.0.4 OK
r-oldrel-windows-ix86+x86_64 1.0.4 17.00 163.00 180.00 OK

Check Details

Version: 1.0.4
Check: whether package can be installed
Result: ERROR
    Installation failed.
Flavor: r-devel-windows-x86_64-gcc10-UCRT