Last updated on 2025-06-19 01:49:27 CEST.
Flavor | Version | Tinstall | Tcheck | Ttotal | Status | Flags |
---|---|---|---|---|---|---|
r-devel-linux-x86_64-debian-clang | 0.3.5 | 35.00 | 233.56 | 268.56 | NOTE | |
r-devel-linux-x86_64-debian-gcc | 0.3.5 | 22.34 | 166.79 | 189.13 | NOTE | |
r-devel-linux-x86_64-fedora-clang | 0.3.5 | 589.60 | OK | |||
r-devel-linux-x86_64-fedora-gcc | 0.3.5 | 568.26 | OK | |||
r-devel-windows-x86_64 | 0.3.5 | 33.00 | 250.00 | 283.00 | OK | |
r-patched-linux-x86_64 | 0.3.5 | 32.91 | 215.51 | 248.42 | OK | |
r-release-linux-x86_64 | 0.3.5 | 31.35 | 219.84 | 251.19 | OK | |
r-release-macos-arm64 | 0.3.5 | 143.00 | OK | |||
r-release-macos-x86_64 | 0.3.5 | 386.00 | OK | |||
r-release-windows-x86_64 | 0.3.5 | 32.00 | 266.00 | 298.00 | OK | |
r-oldrel-macos-arm64 | 0.3.5 | 145.00 | OK | |||
r-oldrel-macos-x86_64 | 0.3.5 | 270.00 | OK | |||
r-oldrel-windows-x86_64 | 0.3.5 | 45.00 | 373.00 | 418.00 | OK |
Version: 0.3.5
Check: CRAN incoming feasibility
Result: NOTE
Maintainer: ‘Gavin Rozzi <gr@gavinrozzi.com>’
Package CITATION file contains call(s) to old-style citEntry(). Please
use bibentry() instead.
Flavors: r-devel-linux-x86_64-debian-clang, r-devel-linux-x86_64-debian-gcc